44 is divided by c(-20)?
196
Suppose 8*g = 15*g + 63. Let x(p) = -p**2 - 13*p + 76. Calculate the remainder when x(g) is divided by 31.
19
Let a(c) = 3*c**2 + 15*c - 4. Let p be a(-5). Calculate the remainder when (-4 - (-14)/3)/(p/(-654)) is divided by (-2)/(-3) - 320/(-24).
11
Suppose -44 = -4*d + 16. Suppose -21*n - 105 = 2*v, 102*v - 97*v - 219 = n. Calculate the remainder when v is divided by d.
12
Let w = 6255 - 6069. What is the remainder when w is divided by 59?
9
Suppose 0 = 3*k + 12*k - 159286 - 1799. Calculate the remainder when k is divided by 60.
59
Let u(m) = 7*m**2 + 2*m + 7. Calculate the remainder when 71 is divided by u(0).
1
Suppose 341*x - 34692 = 164*x. What is the remainder when 1365 is divided by x?
189
Suppose -2*j = -30 - 84. Let y(l) = l**3 - 22*l**2 - 213*l + 4393. Calculate the remainder when j is divided by y(23).
11
Let j(b) = b**2 + 29*b + 6. Calculate the remainder when j(-31) is divided by 19.
11
Suppose 0 = -2*q + 4*t - 8*t + 372, q - 204 = 4*t. Suppose q = -14*l + 22*l. What is the remainder when 78 is divided by l?
6
Let y be (60/(-8))/(6/16). Let x = 171 + -583. Calculate the remainder when (-9)/15 + x/y is divided by 8.
4
Suppose 0 = 6*y + 4*w - 8, 14*y - 3*w - 28 = 10*y. Suppose -5*u = -4*l + 82 - 320, u = -y*l + 62. Calculate the remainder when u is divided by 18/(1/(3 + -2)).
14
Suppose -177*s = 261*s - 57378. Calculate the remainder when s is divided by 2 + 68 - 14/(-7).
59
Let f = 331 - -68. Let j = f + -205. What is the remainder when j is divided by 50?
44
Let q(s) = -81*s + 158. Let m(n) = -82*n + 160. Let w(y) = -5*m(y) + 4*q(y). What is the remainder when w(6) is divided by 13?
10
Let b = 14306 - 13498. What is the remainder when b is divided by 197?
20
Let c = 85 + -85. Suppose 5*g - 271 - 9 = c. Let w = -9 - -19. What is the remainder when g is divided by w?
6
Let b = -136 + 444. Let a be b/165 - (-2)/15. Suppose 5*d - 4*g + 12 = 66, 2*g + a = 0. What is the remainder when 58 is divided by d?
8
Suppose -7*t + 3*n = -6*t - 377, 3*t - n - 1115 = 0. What is the remainder when t is divided by 73?
6
Let o = -32649 - -32723. Suppose 2*x - 2 = 3*x. What is the remainder when o is divided by 0 + 17 - x - -1?
14
Let z be -2 + 9 + (-2 - -17). Suppose -35 = -2*k - o, o + z = 3*k - 18. What is the remainder when 220 is divided by k?
10
Suppose -5*b + 79*k = 82*k - 176, 3*b - 112 = -5*k. Calculate the remainder when 1831 is divided by b.
29
Let l be 4/12 - (-3577)/(-21). Let k = l + 234. What is the remainder when k is divided by 36?
28
Let q be (-4)/(-10)*(-3)/((-6)/(-20)). Let f(j) = j. Let i(z) = 36*z + 9. Let s(r) = 18*f(r) - i(r). What is the remainder when 314 is divided by s(q)?
62
Let s(k) = 25*k**2 + 80*k - 1332. Calculate the remainder when s(26) is divided by 19.
16
Let m(h) = 5*h**2 + 36*h + 50. Let l = 55 - 16. Calculate the remainder when m(-8) is divided by l/3 - 1 - -2.
12
Let j = -10658 + 14894. Calculate the remainder when j is divided by 74.
18
Let z(m) = -8*m + 137. Calculate the remainder when 1968 is divided by z(8).
70
Let u(k) = -76*k + 1089. What is the remainder when u(-7) is divided by 48?
37
Let o(p) = -4*p**3 - 2*p**2 - 2*p - 7. What is the remainder when 40 is divided by o(-2)?
19
Suppose 2*x = x - 2, -3*x + 85 = g. What is the remainder when 46 is divided by 4 + (g/39)/((-2)/(-6))?
2
Suppose -2*b = b - 15, 0 = h + 2*b. Let s(i) = -i + 36. Let t(w) = 2*w - 37. Let d(a) = 4*s(a) + 3*t(a). What is the remainder when d(h) is divided by 7?
6
Let x(o) = 185*o**2 - 5*o. Let m be x(1). Suppose 43*z - 37*z = m. What is the remainder when 88 is divided by z?
28
Let k = -119 - -176. Suppose -14*v - k = -17*v. What is the remainder when 92 is divided by v?
16
What is the remainder when 246 is divided by (-615)/(-8) + 188/1504?
15
Suppose m - 2*m - 3*z = -23, 6 = 2*z. Let r = 35 - m. Calculate the remainder when 47 is divided by r.
5
Suppose -2*x = 2*r - 5*x - 30, x = 0. Suppose 0 = -r*k + 18*k - 69. Calculate the remainder when -2*3*-15*1 is divided by k.
21
Suppose 4*n = 42 - 6. Suppose 5*s - 4*r = 36, 4*s - 4*r = -n*r - 4. Suppose i - 3 = 4*d + 3, -4*i - s*d = -104. Calculate the remainder when 63 is divided by i.
19
Let t(q) = -4253*q - 1074. What is the remainder when t(-3) is divided by 31?
29
Let l(t) = -3*t + 1. Let v be -7 - (-1)/1*-1. Suppose 28*b - 24*b - 392 = 0. Calculate the remainder when b is divided by l(v).
23
Let g(s) = -s**3 - 7*s**2 + 2*s + 9. Let q be (-6)/1 + 20/(-10). Suppose -6*b + 235 = 61. What is the remainder when g(q) is divided by b?
28
Suppose 0 = -5*k + b + 15, 7*k + b = 3*k + 3. Suppose d + 3*d + k*v - 8 = 0, 0 = -5*d - 4*v + 4. What is the remainder when 5 is divided by d?
1
Suppose 3*w = 4*w - 11. Suppose -m - 8455 = 18*m. Let z = -439 - m. Calculate the remainder when w is divided by z.
5
Suppose 20 = -4*v + 136. Let g(s) = -s**3 - s**2 + 13*s + 1. Let d be g(-4). What is the remainder when v is divided by 6/6*12 - d?
14
Let c(h) = 5*h + 12. Suppose -3*r - 29 = -5*p, 0 = -3*r - 0*p - 4*p - 20. Let u be 1/2 + (-100)/r. Calculate the remainder when c(u) is divided by 13.
12
Let p(d) = -23*d - 2. Let j be p(-6). Suppose 4*r - 2*h - h - 277 = 0, 2*h + j = 2*r. Suppose b - 17 = 20. What is the remainder when r is divided by b?
36
Suppose 3*a + 78 = -4*j + 282, 298 = 4*a + j. Calculate the remainder when 2657 is divided by a.
73
Let j(s) = s**3 - 10*s**2 + 10*s - 5. Let a be j(9). What is the remainder when 4/(-2)*(-62)/4 is divided by (-2*a/8)/((-2)/22)?
9
Let r(l) = 11*l**2 + 2*l + 13. Let k be r(-4). Suppose 5*p - k = -2*x, 354 = -12*x + 16*x + 2*p. What is the remainder when x is divided by (1 - -4)/(1/3)?
13
Suppose 5*i - 3*n = 382, 4*i + 3*n = -44 + 355. What is the remainder when 161 is divided by i?
7
Suppose n + 56*t - 340 = 58*t, -5*t = 3*n - 1064. Calculate the remainder when 1061 is divided by n.
17
Let k = -880 + 909. Suppose i - 4*u - 5 = 0, u - 67 = -9*i + 4*i. Calculate the remainder when k is divided by i.
3
Suppose -4*p = 3*p - 56. Calculate the remainder when -65*(p/(-4) - -1) is divided by (-460)/(-30)*3/2.
19
Suppose 4*o = 3*f + 40, 0 = 5*o + f - 26 - 43. Suppose 6593 - 10481 = -698*z + 28918. Calculate the remainder when z is divided by o.
8
Calculate the remainder when 2/5*(498 - 113) is divided by 77.
0
Suppose -412 = -11*h + 710. Let d(o) = o**3 + 11*o**2 + 8*o + 1. Calculate the remainder when h is divided by d(-10).
18
Suppose 195 = 5*c - q, -c = c - 4*q - 96. Suppose -198 = -5*m + 3*o, -3*m + c = -2*o - 80. Let g = m - 38. Calculate the remainder when 15 is divided by g.
3
Let q = 1750 - 1738. Let i = 87 + -52. Calculate the remainder when i is divided by q.
11
Suppose 5*i - 15 = 0, 0 = -4*j - 8*i + 6*i + 2530. Calculate the remainder when j is divided by 29.
22
Let x = 87 + 54. Suppose -2*h - r = 594, -3*h + 1488 = -8*h - 4*r. Let o = -278 - h. What is the remainder when x is divided by o?
15
Suppose 3*n = 9*n + 234. Let p be -16*(n/(-12) - 2). Let o(m) = 2*m + 64. What is the remainder when o(p) is divided by 10?
4
Let x(i) = 5*i**3 + 18*i**2 - 2*i + 128. What is the remainder when 1276 is divided by x(0)?
124
Let w(q) = q**2 + 7*q - 88. Let d(u) = 27*u**2. What is the remainder when d(1) is divided by w(7)?
7
Suppose 84*v - 13879 - 16949 = 0. What is the remainder when 737 is divided by v?
3
Suppose -a = 5*q - 18, -108 = -2*a - 3*q + 2*q. What is the remainder when 2086 is divided by a?
56
Let q(g) be the second derivative of -7*g**3/6 - 14*g**2 - 24*g. Let l be q(-4). Suppose -6*s + 69 + 27 = l. Calculate the remainder when s is divided by 7.
2
Suppose -5*u + 33*u - 4842 - 226 = 0. Calculate the remainder when 497 is divided by u.
135
Let j(q) = -46*q - 153. Let f = -54 + 48. What is the remainder when j(f) is divided by 21?
18
Suppose 2*y + 3 = 35. Let q(m) = 28 - 5 + 1 + m**3 + 4 + 21*m**2. Calculate the remainder when q(-21) is divided by y.
12
Suppose 44*u + 88 = 70 + 238. What is the remainder when 345 is divided by u?
0
Calculate the remainder when 15 + -35*(-2481)/21 is divided by 62.
58
Let n(u) = 2*u - 25. Suppose -5*z - 2*x + 56 = 0, 2*x = -z - x + 6. Let k be n(z). What is the remainder when 65/5 - k*4 is divided by 11?
6
Calculate the remainder when ((-30)/(-21))/(192/168) + 2687/4 is divided by 70.
43
Suppose 